{"id":1459,"date":"2022-05-10T12:44:38","date_gmt":"2022-05-10T10:44:38","guid":{"rendered":"http:\/\/klosterparkensbadeanl\u00e6g.dk\/events\/?post_type=tribe_events&#038;p=1459"},"modified":"2022-05-12T14:30:43","modified_gmt":"2022-05-12T12:30:43","slug":"det-var-planen-at-aabne-poolen-13-maj-men-grundet-udskiftning-af-en-varmeveksler-kan-vi-foerst-aabne-midt-uge-20-hilsen-per","status":"publish","type":"tribe_events","link":"https:\/\/klosterparkensbadeanl\u00e6g.dk\/events\/event\/det-var-planen-at-aabne-poolen-13-maj-men-grundet-udskiftning-af-en-varmeveksler-kan-vi-foerst-aabne-midt-uge-20-hilsen-per\/","title":{"rendered":"Det var planen at \u00e5bne poolen 13 maj, men grundet udskiftning af en varmeveksler, \u00e5bner vi f\u00f8rst den 21 maj.  Per"},"content":{"rendered":"","protected":false},"excerpt":{"rendered":"","protected":false},"author":2,"featured_media":0,"template":"","meta":{"_tribe_events_status":"","_tribe_events_status_reason":"","footnotes":""},"tags":[],"tribe_events_cat":[],"class_list":["post-1459","tribe_events","type-tribe_events","status-publish","hentry"],"_links":{"self":[{"href":"https:\/\/klosterparkensbadeanl\u00e6g.dk\/events\/wp-json\/wp\/v2\/tribe_events\/1459"}],"collection":[{"href":"https:\/\/klosterparkensbadeanl\u00e6g.dk\/events\/wp-json\/wp\/v2\/tribe_events"}],"about":[{"href":"https:\/\/klosterparkensbadeanl\u00e6g.dk\/events\/wp-json\/wp\/v2\/types\/tribe_events"}],"author":[{"embeddable":true,"href":"https:\/\/klosterparkensbadeanl\u00e6g.dk\/events\/wp-json\/wp\/v2\/users\/2"}],"version-history":[{"count":3,"href":"https:\/\/klosterparkensbadeanl\u00e6g.dk\/events\/wp-json\/wp\/v2\/tribe_events\/1459\/revisions"}],"predecessor-version":[{"id":1464,"href":"https:\/\/klosterparkensbadeanl\u00e6g.dk\/events\/wp-json\/wp\/v2\/tribe_events\/1459\/revisions\/1464"}],"wp:attachment":[{"href":"https:\/\/klosterparkensbadeanl\u00e6g.dk\/events\/wp-json\/wp\/v2\/media?parent=1459"}],"wp:term":[{"taxonomy":"post_tag","embeddable":true,"href":"https:\/\/klosterparkensbadeanl\u00e6g.dk\/events\/wp-json\/wp\/v2\/tags?post=1459"},{"taxonomy":"tribe_events_cat","embeddable":true,"href":"https:\/\/klosterparkensbadeanl\u00e6g.dk\/events\/wp-json\/wp\/v2\/tribe_events_cat?post=1459"}],"curies":[{"name":"wp","href":"https:\/\/api.w.org\/{rel}","templated":true}]}}

http://klosterparkensbadeanlæg.dk/events/?post_type=tribe_events&#038;p=1459

https://klosterparkensbadeanlæg.dk/events/event/det-var-planen-at-aabne-poolen-13-maj-men-grundet-udskiftning-af-en-varmeveksler-kan-vi-foerst-aabne-midt-uge-20-hilsen-per/

Det var planen at åbne poolen 13 maj, men grundet udskiftning af en varmeveksler, åbner vi først den 21 maj.  Per

https://klosterparkensbadeanlæg.dk/events/wp-json/wp/v2/tribe_events/1459

https://klosterparkensbadeanlæg.dk/events/wp-json/wp/v2/tribe_events

https://klosterparkensbadeanlæg.dk/events/wp-json/wp/v2/types/tribe_events

https://klosterparkensbadeanlæg.dk/events/wp-json/wp/v2/users/2

https://klosterparkensbadeanlæg.dk/events/wp-json/wp/v2/tribe_events/1459/revisions

https://klosterparkensbadeanlæg.dk/events/wp-json/wp/v2/tribe_events/1459/revisions/1464

https://klosterparkensbadeanlæg.dk/events/wp-json/wp/v2/media?parent=1459

https://klosterparkensbadeanlæg.dk/events/wp-json/wp/v2/tags?post=1459

https://klosterparkensbadeanlæg.dk/events/wp-json/wp/v2/tribe_events_cat?post=1459
