{"id":3278,"date":"2025-08-18T13:55:06","date_gmt":"2025-08-18T11:55:06","guid":{"rendered":"https:\/\/klosterparkensbadeanl\u00e6g.dk\/events\/?post_type=tribe_events&#038;p=3278"},"modified":"2025-08-18T13:55:06","modified_gmt":"2025-08-18T11:55:06","slug":"poolen-er-lukket-fra-kl-15","status":"publish","type":"tribe_events","link":"https:\/\/klosterparkensbadeanl\u00e6g.dk\/events\/event\/poolen-er-lukket-fra-kl-15\/","title":{"rendered":"Poolen er lukket fra kl. 15"},"content":{"rendered":"<p>Grundet sommerfesten, og af sikkerhedsm\u00e6ssige \u00e5rsager, er det ikke tilladt at \u00e5bne poolen<\/p>\n","protected":false},"excerpt":{"rendered":"<p>Grundet sommerfesten, og af sikkerhedsm\u00e6ssige \u00e5rsager, er det ikke tilladt at \u00e5bne poolen<\/p>\n","protected":false},"author":2,"featured_media":0,"template":"","meta":{"_tribe_events_status":"","_tribe_events_status_reason":"","footnotes":""},"tags":[],"tribe_events_cat":[],"class_list":["post-3278","tribe_events","type-tribe_events","status-publish","hentry"],"_links":{"self":[{"href":"https:\/\/klosterparkensbadeanl\u00e6g.dk\/events\/wp-json\/wp\/v2\/tribe_events\/3278"}],"collection":[{"href":"https:\/\/klosterparkensbadeanl\u00e6g.dk\/events\/wp-json\/wp\/v2\/tribe_events"}],"about":[{"href":"https:\/\/klosterparkensbadeanl\u00e6g.dk\/events\/wp-json\/wp\/v2\/types\/tribe_events"}],"author":[{"embeddable":true,"href":"https:\/\/klosterparkensbadeanl\u00e6g.dk\/events\/wp-json\/wp\/v2\/users\/2"}],"version-history":[{"count":1,"href":"https:\/\/klosterparkensbadeanl\u00e6g.dk\/events\/wp-json\/wp\/v2\/tribe_events\/3278\/revisions"}],"predecessor-version":[{"id":3279,"href":"https:\/\/klosterparkensbadeanl\u00e6g.dk\/events\/wp-json\/wp\/v2\/tribe_events\/3278\/revisions\/3279"}],"wp:attachment":[{"href":"https:\/\/klosterparkensbadeanl\u00e6g.dk\/events\/wp-json\/wp\/v2\/media?parent=3278"}],"wp:term":[{"taxonomy":"post_tag","embeddable":true,"href":"https:\/\/klosterparkensbadeanl\u00e6g.dk\/events\/wp-json\/wp\/v2\/tags?post=3278"},{"taxonomy":"tribe_events_cat","embeddable":true,"href":"https:\/\/klosterparkensbadeanl\u00e6g.dk\/events\/wp-json\/wp\/v2\/tribe_events_cat?post=3278"}],"curies":[{"name":"wp","href":"https:\/\/api.w.org\/{rel}","templated":true}]}}

https://klosterparkensbadeanlæg.dk/events/?post_type=tribe_events&#038;p=3278

https://klosterparkensbadeanlæg.dk/events/event/poolen-er-lukket-fra-kl-15/

<p>Grundet sommerfesten, og af sikkerhedsmæssige årsager, er det ikke tilladt at åbne poolen</p>

https://klosterparkensbadeanlæg.dk/events/wp-json/wp/v2/tribe_events/3278

https://klosterparkensbadeanlæg.dk/events/wp-json/wp/v2/tribe_events

https://klosterparkensbadeanlæg.dk/events/wp-json/wp/v2/types/tribe_events

https://klosterparkensbadeanlæg.dk/events/wp-json/wp/v2/users/2

https://klosterparkensbadeanlæg.dk/events/wp-json/wp/v2/tribe_events/3278/revisions

https://klosterparkensbadeanlæg.dk/events/wp-json/wp/v2/tribe_events/3278/revisions/3279

https://klosterparkensbadeanlæg.dk/events/wp-json/wp/v2/media?parent=3278

https://klosterparkensbadeanlæg.dk/events/wp-json/wp/v2/tags?post=3278

https://klosterparkensbadeanlæg.dk/events/wp-json/wp/v2/tribe_events_cat?post=3278
